 common divisor of 1386174 and 618.
618
What is the highest common factor of 10634 and 247?
13
What is the highest common divisor of 272769 and 31?
31
What is the highest common divisor of 6172025 and 271?
271
Calculate the highest common factor of 2646 and 36099.
189
What is the highest common factor of 162 and 769518?
18
Calculate the greatest common divisor of 4711 and 14.
7
What is the greatest common factor of 2649 and 12?
3
Calculate the greatest common factor of 576667 and 52.
13
Calculate the highest common divisor of 11477 and 368.
23
Calculate the highest common factor of 1883 and 152254.
269
What is the greatest common divisor of 34128 and 2212?
316
Calculate the greatest common factor of 44183 and 1196.
23
Calculate the greatest common factor of 966528 and 1920.
384
Calculate the highest common factor of 115815 and 420.
105
Calculate the greatest common divisor of 173214 and 63.
9
Calculate the highest common factor of 6485 and 415.
5
What is the greatest common factor of 6777972 and 27?
27
What is the greatest common factor of 43 and 834071?
43
Calculate the greatest common divisor of 86 and 58007.
43
Calculate the greatest common factor of 7221 and 27463.
29
Calculate the greatest common factor of 23273 and 5797.
17
Calculate the greatest common divisor of 374 and 423334.
34
What is the highest common divisor of 216549 and 9?
9
Calculate the greatest common divisor of 165152 and 832.
416
Calculate the greatest common factor of 820240 and 160.
80
What is the greatest common factor of 175718 and 206?
206
What is the greatest common divisor of 10467 and 459?
9
Calculate the greatest common factor of 3434 and 189312.
34
What is the greatest common factor of 169 and 111371?
169
What is the greatest common divisor of 212471 and 239?
239
Calculate the highest common factor of 169 and 6604.
13
Calculate the greatest common divisor of 85580 and 520.
20
What is the highest common divisor of 23864 and 19?
19
Calculate the highest common factor of 137529 and 1575.
63
Calculate the highest common factor of 380 and 2455.
5
Calculate the greatest common factor of 1022565 and 45.
15
Calculate the greatest common divisor of 16884 and 336.
84
What is the greatest common divisor of 32830 and 33500?
670
What is the greatest common factor of 617870 and 615?
205
What is the greatest common divisor of 187 and 7975?
11
What is the greatest common divisor of 1331 and 63041?
121
What is the highest common divisor of 32 and 4698656?
32
Calculate the greatest common divisor of 196 and 2114.
14
What is the greatest common factor of 468 and 67158?
234
What is the highest common factor of 2900 and 16385?
145
What is the greatest common factor of 228 and 44612?
76
Calculate the greatest common factor of 1235178 and 126.
126
Calculate the highest common factor of 111 and 7289.
37
Calculate the greatest common divisor of 455 and 97195.
35
Calculate the greatest common divisor of 3735 and 192145.
415
What is the highest common divisor of 134 and 829259?
67
What is the highest common factor of 24 and 3920?
8
Calculate the highest common factor of 35650 and 2231.
23
What is the highest common factor of 198 and 162294?
66
What is the highest common factor of 129302 and 102?
34
Calculate the greatest common factor of 1035 and 34983.
207
Calculate the highest common factor of 1264 and 1936.
16
What is the highest common divisor of 116 and 78619?
29
What is the greatest common divisor of 22 and 1831984?
22
What is the highest common factor of 1470 and 5600?
70
What is the highest common factor of 33894 and 567?
63
Calculate the greatest common factor of 2589807 and 33.
33
What is the greatest common divisor of 5214 and 201234?
66
Calculate the greatest common divisor of 251108 and 3432.
572
Calculate the greatest common divisor of 1664 and 8864128.
1664
Calculate the greatest common factor of 20 and 1993220.
20
Calculate the greatest common divisor of 1259 and 4076642.
1259
Calculate the highest common factor of 96336 and 432.
432
Calculate the highest common factor of 1556736 and 128.
128
What is the greatest common divisor of 2659264 and 16?
16
Calculate the greatest common factor of 837 and 54.
27
Calculate the greatest common factor of 286 and 27794.
26
Calculate the greatest common divisor of 394 and 149917.
197
Calculate the greatest common factor of 6 and 3903.
3
What is the highest common divisor of 3652 and 2772?
44
Calculate the highest common divisor of 22982653 and 151.
151
Calculate the greatest common divisor of 344 and 68232.
8
Calculate the greatest common factor of 432 and 146736.
144
What is the greatest common factor of 277241 and 236?
59
What is the greatest common divisor of 1040 and 592?
16
Calculate the highest common divisor of 19958 and 340.
34
What is the highest common factor of 215904 and 72?
24
Calculate the highest common divisor of 2411160 and 30.
30
What is the greatest common factor of 248 and 53768?
8
What is the highest common divisor of 59102 and 4002?
58
Calculate the greatest common factor of 53 and 3420832.
53
What is the highest common divisor of 26559 and 403?
13
What is the highest common divisor of 7287 and 861?
21
What is the greatest common divisor of 163210 and 380?
190
Calculate the greatest common factor of 609946 and 163.
163
What is the highest common factor of 600 and 130560?
120
What is the highest common factor of 877711 and 233?
233
Calculate the greatest common divisor of 69 and 101752.
23
Calculate the highest common factor of 920 and 58040.
40
What is the highest common factor of 637 and 2401?
49
Calculate the highest common factor of 105 and 177730.
35
What is the highest common divisor of 19 and 2806357?
19
Calculate the highest common factor of 50145 and 30.
15
What is the highest common divisor of 3413106 and 18?
18
What is the highest common factor of 5310 and 767?
59
What is the greatest common divisor of 1645608 and 48?
24
Calculate the highest common factor of 224694 and 3212.
146
Calculate the greatest common factor of 88 and 261932.
44
What is the greatest common divisor of 16272 and 1469?
113
Calculate the highest common factor of 3428661 and 213.
213
What is the greatest common factor of 1672 and 398376?
88
What is the greatest common factor of 84114 and 12?
6
Calculate the greatest common divisor of 15956630 and 155.
155
Calculate the highest common factor of 64262 and 15180.
506
Calculate the greatest common factor of 2482 and 2774.
146
Calculate the highest common divisor of 8643 and 49407.
129
Calculate the highest common divisor of 56320 and 330.
110
Calculate the highest common divisor of 102809 and 1007.
19
Calculate the greatest common factor of 49106 and 4.
2
Calculate the greatest common factor of 230885 and 5795.
305
What is the greatest common factor of 14676 and 348?
12
What is the highest common divisor of 620327 and 71?
71
Calculate the highest common factor of 133424 and 620.
124
What is the greatest common factor of 2743 and 2262?
13
Calculate the highest common divisor of 3 and 42869.
1
What is the highest common divisor of 184853 and 2581?
89
Calculate the greatest common divisor of 49 and 1212260.
49
What is the greatest common divisor of 403 and 55118?
31
Calculate the highest common factor of 97482 and 211.
211
What is the highest common factor of 188 and 79289?
47
What is the greatest common divisor of 1464682 and 148?
74
Calculate the highest common divisor of 192 and 439584.
96
Calculate the highest common divisor of 50632 and 40.
8
Calculate the highest common divisor of 20420 and 8.
4
What is the highest common divisor of 7107 and 52221?
309
Calculate the greatest common factor of 228528 and 57661.
529
Calculate the highest common divisor of 22980 and 4470.
30
What is the greatest common factor of 3679 and 39?
13
What is the highest common divisor of 70 and 131730?
10
What is the greatest common divisor of 1513360 and 640?
80
What is the greatest common divisor of 171 and 89832?
57
Calculate the highest common divisor of 715936 and 112.
16
What is the highest common divisor of 11337 and 33?
3
Calculate the highest common factor of 992 and 2449.
31
What is the greatest common divisor of 15158 and 2120?
106
Calculate the greatest common factor of 286180 and 820.
820
What i